{"id":23,"date":"2018-06-27T09:59:56","date_gmt":"2018-06-27T09:59:56","guid":{"rendered":"http:\/\/hofstaetter-see.de\/?page_id=23"},"modified":"2018-09-03T12:28:44","modified_gmt":"2018-09-03T12:28:44","slug":"bilder","status":"publish","type":"page","link":"http:\/\/hofstaetter-see.de\/?page_id=23","title":{"rendered":"Bilder"},"content":{"rendered":"<p>Werfen Sie einen genaueren Blick in die Ferienwohnung.<\/p>\n<p>Nach dem Eingangsbereich befindet sich ein helles und offenes Bad<\/p>\n<p><a href=\"http:\/\/hofstaetter-see.de\/wp-content\/uploads\/2018\/06\/IMG_3008.jpg\"><img loading=\"lazy\" class=\"wp-image-25 size-medium alignnone alignleft\" src=\"http:\/\/hofstaetter-see.de\/wp-content\/uploads\/2018\/06\/IMG_3008-300x200.jpg\" alt=\"\" width=\"300\" height=\"200\" srcset=\"http:\/\/hofstaetter-see.de\/wp-content\/uploads\/2018\/06\/IMG_3008-300x200.jpg 300w, http:\/\/hofstaetter-see.de\/wp-content\/uploads\/2018\/06\/IMG_3008-768x512.jpg 768w, http:\/\/hofstaetter-see.de\/wp-content\/uploads\/2018\/06\/IMG_3008-1024x683.jpg 1024w\" sizes=\"(max-width: 300px) 100vw, 300px\" \/><\/a><a href=\"http:\/\/hofstaetter-see.de\/wp-content\/uploads\/2018\/06\/IMG_3023.jpg\"><img loading=\"lazy\" class=\"wp-image-29 size-medium alignleft\" src=\"http:\/\/hofstaetter-see.de\/wp-content\/uploads\/2018\/06\/IMG_3023-300x200.jpg\" alt=\"\" width=\"300\" height=\"200\" srcset=\"http:\/\/hofstaetter-see.de\/wp-content\/uploads\/2018\/06\/IMG_3023-300x200.jpg 300w, http:\/\/hofstaetter-see.de\/wp-content\/uploads\/2018\/06\/IMG_3023-768x512.jpg 768w, http:\/\/hofstaetter-see.de\/wp-content\/uploads\/2018\/06\/IMG_3023-1024x683.jpg 1024w\" sizes=\"(max-width: 300px) 100vw, 300px\" \/><\/a><a href=\"http:\/\/hofstaetter-see.de\/wp-content\/uploads\/2018\/06\/IMG_3009.jpg\"><img loading=\"lazy\" class=\"wp-image-34 size-medium alignleft\" src=\"http:\/\/hofstaetter-see.de\/wp-content\/uploads\/2018\/06\/IMG_3009-300x200.jpg\" alt=\"\" width=\"300\" height=\"200\" srcset=\"http:\/\/hofstaetter-see.de\/wp-content\/uploads\/2018\/06\/IMG_3009-300x200.jpg 300w, http:\/\/hofstaetter-see.de\/wp-content\/uploads\/2018\/06\/IMG_3009-768x512.jpg 768w, http:\/\/hofstaetter-see.de\/wp-content\/uploads\/2018\/06\/IMG_3009-1024x683.jpg 1024w\" sizes=\"(max-width: 300px) 100vw, 300px\" \/><\/a><\/p>\n<p>&nbsp;<\/p>\n<p>&nbsp;<\/p>\n<p>&nbsp;<\/p>\n<p>&nbsp;<\/p>\n<p>&nbsp;<\/p>\n<p>&nbsp;<\/p>\n<p>&nbsp;<\/p>\n<p>&nbsp;<\/p>\n<p>&nbsp;<\/p>\n<p>&nbsp;<\/p>\n<p>Anschlie\u00dfend kommt man in eine gem\u00fctlich K\u00fcche mit den wichtigsten Utensilien, die man f\u00fcr einen sch\u00f6nen Urlaub braucht.<\/p>\n<p>&nbsp;<\/p>\n<p><a href=\"http:\/\/hofstaetter-see.de\/wp-content\/uploads\/2018\/06\/IMG_3010.jpg\"><img loading=\"lazy\" class=\"wp-image-27 size-medium alignleft\" src=\"http:\/\/hofstaetter-see.de\/wp-content\/uploads\/2018\/06\/IMG_3010-300x200.jpg\" alt=\"\" width=\"300\" height=\"200\" srcset=\"http:\/\/hofstaetter-see.de\/wp-content\/uploads\/2018\/06\/IMG_3010-300x200.jpg 300w, http:\/\/hofstaetter-see.de\/wp-content\/uploads\/2018\/06\/IMG_3010-768x512.jpg 768w, http:\/\/hofstaetter-see.de\/wp-content\/uploads\/2018\/06\/IMG_3010-1024x683.jpg 1024w\" sizes=\"(max-width: 300px) 100vw, 300px\" \/><\/a>\u00a0 \u00a0<a href=\"http:\/\/hofstaetter-see.de\/wp-content\/uploads\/2018\/06\/IMG_3027.jpg\"><img loading=\"lazy\" class=\"wp-image-30 size-medium alignleft\" src=\"http:\/\/hofstaetter-see.de\/wp-content\/uploads\/2018\/06\/IMG_3027-300x200.jpg\" alt=\"\" width=\"300\" height=\"200\" srcset=\"http:\/\/hofstaetter-see.de\/wp-content\/uploads\/2018\/06\/IMG_3027-300x200.jpg 300w, http:\/\/hofstaetter-see.de\/wp-content\/uploads\/2018\/06\/IMG_3027-768x512.jpg 768w, http:\/\/hofstaetter-see.de\/wp-content\/uploads\/2018\/06\/IMG_3027-1024x683.jpg 1024w\" sizes=\"(max-width: 300px) 100vw, 300px\" \/><\/a>\u00a0\u00a0<a href=\"http:\/\/hofstaetter-see.de\/wp-content\/uploads\/2018\/06\/IMG-20180627-WA0001.jpg\"><img loading=\"lazy\" class=\"wp-image-36 size-medium alignleft\" src=\"http:\/\/hofstaetter-see.de\/wp-content\/uploads\/2018\/06\/IMG-20180627-WA0001-169x300.jpg\" alt=\"\" width=\"169\" height=\"300\" srcset=\"http:\/\/hofstaetter-see.de\/wp-content\/uploads\/2018\/06\/IMG-20180627-WA0001-169x300.jpg 169w, http:\/\/hofstaetter-see.de\/wp-content\/uploads\/2018\/06\/IMG-20180627-WA0001-768x1365.jpg 768w, http:\/\/hofstaetter-see.de\/wp-content\/uploads\/2018\/06\/IMG-20180627-WA0001-576x1024.jpg 576w, http:\/\/hofstaetter-see.de\/wp-content\/uploads\/2018\/06\/IMG-20180627-WA0001.jpg 900w\" sizes=\"(max-width: 169px) 100vw, 169px\" \/><\/a><\/p>\n<p>&nbsp;<\/p>\n<p>&nbsp;<\/p>\n<p>&nbsp;<\/p>\n<p>&nbsp;<\/p>\n<p>&nbsp;<\/p>\n<p>&nbsp;<\/p>\n<p>&nbsp;<\/p>\n<p>&nbsp;<\/p>\n<p>&nbsp;<\/p>\n<p>&nbsp;<\/p>\n<p>&nbsp;<\/p>\n<p>Nachdem man die K\u00fcche verl\u00e4sst kommt man in einen hellen und ger\u00e4umigen Wohn- und Schlafbereich.<\/p>\n<p>Highlight ist hier das gro\u00dfe Fenster mit einem wundersch\u00f6nen Ausblick<\/p>\n<p>&nbsp;<\/p>\n<p><a href=\"http:\/\/hofstaetter-see.de\/wp-content\/uploads\/2018\/06\/IMG_3019.jpg\"><img loading=\"lazy\" class=\"wp-image-5 size-medium alignleft\" src=\"http:\/\/hofstaetter-see.de\/wp-content\/uploads\/2018\/06\/IMG_3019-300x200.jpg\" alt=\"\" width=\"300\" height=\"200\" srcset=\"http:\/\/hofstaetter-see.de\/wp-content\/uploads\/2018\/06\/IMG_3019-300x200.jpg 300w, http:\/\/hofstaetter-see.de\/wp-content\/uploads\/2018\/06\/IMG_3019-768x512.jpg 768w, http:\/\/hofstaetter-see.de\/wp-content\/uploads\/2018\/06\/IMG_3019-1024x683.jpg 1024w\" sizes=\"(max-width: 300px) 100vw, 300px\" \/><\/a>\u00a0<a href=\"http:\/\/hofstaetter-see.de\/wp-content\/uploads\/2018\/06\/IMG_3014-b.jpg\"><img loading=\"lazy\" class=\"wp-image-31 size-medium alignleft\" src=\"http:\/\/hofstaetter-see.de\/wp-content\/uploads\/2018\/06\/IMG_3014-b-300x200.jpg\" alt=\"\" width=\"300\" height=\"200\" srcset=\"http:\/\/hofstaetter-see.de\/wp-content\/uploads\/2018\/06\/IMG_3014-b-300x200.jpg 300w, http:\/\/hofstaetter-see.de\/wp-content\/uploads\/2018\/06\/IMG_3014-b-768x512.jpg 768w, http:\/\/hofstaetter-see.de\/wp-content\/uploads\/2018\/06\/IMG_3014-b-1024x683.jpg 1024w\" sizes=\"(max-width: 300px) 100vw, 300px\" \/><\/a>\u00a0<a href=\"http:\/\/hofstaetter-see.de\/wp-content\/uploads\/2018\/06\/IMG_3012.jpg\"><img loading=\"lazy\" class=\"wp-image-13 alignleft\" src=\"http:\/\/hofstaetter-see.de\/wp-content\/uploads\/2018\/06\/IMG_3012-300x200.jpg\" alt=\"\" width=\"300\" height=\"200\" srcset=\"http:\/\/hofstaetter-see.de\/wp-content\/uploads\/2018\/06\/IMG_3012-300x200.jpg 300w, http:\/\/hofstaetter-see.de\/wp-content\/uploads\/2018\/06\/IMG_3012-768x512.jpg 768w, http:\/\/hofstaetter-see.de\/wp-content\/uploads\/2018\/06\/IMG_3012-1024x683.jpg 1024w\" sizes=\"(max-width: 300px) 100vw, 300px\" \/><\/a>\u00a0<a href=\"http:\/\/hofstaetter-see.de\/wp-content\/uploads\/2018\/06\/IMG_3013-b.jpg\"><img loading=\"lazy\" class=\"wp-image-28 size-medium alignleft\" src=\"http:\/\/hofstaetter-see.de\/wp-content\/uploads\/2018\/06\/IMG_3013-b-300x200.jpg\" alt=\"\" width=\"300\" height=\"200\" srcset=\"http:\/\/hofstaetter-see.de\/wp-content\/uploads\/2018\/06\/IMG_3013-b-300x200.jpg 300w, http:\/\/hofstaetter-see.de\/wp-content\/uploads\/2018\/06\/IMG_3013-b-768x512.jpg 768w, http:\/\/hofstaetter-see.de\/wp-content\/uploads\/2018\/06\/IMG_3013-b-1024x683.jpg 1024w\" sizes=\"(max-width: 300px) 100vw, 300px\" \/><\/a><\/p>\n<p>&nbsp;<\/p>\n<p>&nbsp;<\/p>\n<p>&nbsp;<\/p>\n<p>&nbsp;<\/p>\n<p>&nbsp;<\/p>\n<p>&nbsp;<\/p>\n<p>&nbsp;<\/p>\n<p>&nbsp;<\/p>\n<p>&nbsp;<\/p>\n<p>Bei sch\u00f6nem Wetter haben Sie die M\u00f6glichkeit bei ruhiger Atmosph\u00e4re die Sonne zu genie\u00dfen. Legen Sie sich daf\u00fcr einfach auf die f\u00fcr Sie platzierten Liegen.<\/p>\n<p>F\u00fcr den Fall, dass das Wetter nicht mitspielen sollte k\u00f6nnen Sie sich in eine gem\u00fctliche Gartenlaube zur\u00fcckziehen. Hier sind Sie vor Regen und Wind gesch\u00fctzt.<\/p>\n<p><a href=\"http:\/\/hofstaetter-see.de\/wp-content\/uploads\/2018\/08\/IMG_3036.jpg\"><img loading=\"lazy\" class=\"wp-image-48 size-medium alignleft\" src=\"http:\/\/hofstaetter-see.de\/wp-content\/uploads\/2018\/08\/IMG_3036-300x200.jpg\" alt=\"\" width=\"300\" height=\"200\" srcset=\"http:\/\/hofstaetter-see.de\/wp-content\/uploads\/2018\/08\/IMG_3036-300x200.jpg 300w, http:\/\/hofstaetter-see.de\/wp-content\/uploads\/2018\/08\/IMG_3036-768x512.jpg 768w, http:\/\/hofstaetter-see.de\/wp-content\/uploads\/2018\/08\/IMG_3036-1024x683.jpg 1024w\" sizes=\"(max-width: 300px) 100vw, 300px\" \/><\/a>\u00a0<a href=\"http:\/\/hofstaetter-see.de\/wp-content\/uploads\/2018\/08\/IMG_3040-b.jpg\"><img loading=\"lazy\" class=\"wp-image-50 size-medium alignleft\" src=\"http:\/\/hofstaetter-see.de\/wp-content\/uploads\/2018\/08\/IMG_3040-b-300x200.jpg\" alt=\"\" width=\"300\" height=\"200\" srcset=\"http:\/\/hofstaetter-see.de\/wp-content\/uploads\/2018\/08\/IMG_3040-b-300x200.jpg 300w, http:\/\/hofstaetter-see.de\/wp-content\/uploads\/2018\/08\/IMG_3040-b-768x512.jpg 768w, http:\/\/hofstaetter-see.de\/wp-content\/uploads\/2018\/08\/IMG_3040-b-1024x683.jpg 1024w\" sizes=\"(max-width: 300px) 100vw, 300px\" \/><\/a> <a href=\"http:\/\/hofstaetter-see.de\/wp-content\/uploads\/2018\/08\/IMG_3039.jpg\"><img loading=\"lazy\" class=\"wp-image-49 size-medium alignleft\" src=\"http:\/\/hofstaetter-see.de\/wp-content\/uploads\/2018\/08\/IMG_3039-300x200.jpg\" alt=\"\" width=\"300\" height=\"200\" srcset=\"http:\/\/hofstaetter-see.de\/wp-content\/uploads\/2018\/08\/IMG_3039-300x200.jpg 300w, http:\/\/hofstaetter-see.de\/wp-content\/uploads\/2018\/08\/IMG_3039-768x512.jpg 768w, http:\/\/hofstaetter-see.de\/wp-content\/uploads\/2018\/08\/IMG_3039-1024x683.jpg 1024w\" sizes=\"(max-width: 300px) 100vw, 300px\" \/><\/a><\/p>\n","protected":false},"excerpt":{"rendered":"<p>Werfen Sie einen genaueren Blick in die Ferienwohnung. Nach dem Eingangsbereich befindet sich ein helles und offenes Bad &nbsp; &nbsp; &hellip; <\/p>\n<p><a href=\"http:\/\/hofstaetter-see.de\/?page_id=23\" class=\"more-link\">weiterlesen<\/a><\/p>\n","protected":false},"author":1,"featured_media":0,"parent":0,"menu_order":0,"comment_status":"closed","ping_status":"closed","template":"","meta":[],"_links":{"self":[{"href":"http:\/\/hofstaetter-see.de\/index.php?rest_route=\/wp\/v2\/pages\/23"}],"collection":[{"href":"http:\/\/hofstaetter-see.de\/index.php?rest_route=\/wp\/v2\/pages"}],"about":[{"href":"http:\/\/hofstaetter-see.de\/index.php?rest_route=\/wp\/v2\/types\/page"}],"author":[{"embeddable":true,"href":"http:\/\/hofstaetter-see.de\/index.php?rest_route=\/wp\/v2\/users\/1"}],"replies":[{"embeddable":true,"href":"http:\/\/hofstaetter-see.de\/index.php?rest_route=%2Fwp%2Fv2%2Fcomments&post=23"}],"version-history":[{"count":10,"href":"http:\/\/hofstaetter-see.de\/index.php?rest_route=\/wp\/v2\/pages\/23\/revisions"}],"predecessor-version":[{"id":69,"href":"http:\/\/hofstaetter-see.de\/index.php?rest_route=\/wp\/v2\/pages\/23\/revisions\/69"}],"wp:attachment":[{"href":"http:\/\/hofstaetter-see.de\/index.php?rest_route=%2Fwp%2Fv2%2Fmedia&parent=23"}],"curies":[{"name":"wp","href":"https:\/\/api.w.org\/{rel}","templated":true}]}}